{"id":84,"date":"2018-01-03T00:49:06","date_gmt":"2018-01-02T23:49:06","guid":{"rendered":"http:\/\/jamesserre.com\/?page_id=84"},"modified":"2018-12-19T23:02:58","modified_gmt":"2018-12-19T22:02:58","slug":"videos","status":"publish","type":"page","link":"http:\/\/jamesserre.com\/index.php\/videos\/","title":{"rendered":"Vid\u00e9os"},"content":{"rendered":"<p>Interview de James Serre, sp\u00e9cialiste du ney, fl\u00fbte oblique \u00e0 embouchure terminale en roseau jou\u00e9e dans tout le monde arabo-musulman et dont les formes les plus anciennes remontent \u00e0 des temps imm\u00e9moriaux. Il nous pr\u00e9sente ici sous l&#8217;angle spirituel et th\u00e9rapeutique cet instrument \u00e0 haute valeur symbolique dans la musique soufie.<\/p>\n<div class=\"oceanwp-oembed-wrap clr\">\n<div id=\"fb-root\"><\/div>\n<p><script>(function(d, s, id) {  var js, fjs = d.getElementsByTagName(s)[0];  if (d.getElementById(id)) return;  js = d.createElement(s); js.id = id;  js.src = 'https:\/\/connect.facebook.net\/fr_FR\/sdk.js#xfbml=1&version=v3.2';  fjs.parentNode.insertBefore(js, fjs);}(document, 'script', 'facebook-jssdk'));<\/script><\/p>\n<div class=\"fb-video\" data-href=\"https:\/\/www.facebook.com\/oummacom\/videos\/10156328426076142\/\" data-width=\"1200\">\n<blockquote cite=\"https:\/\/www.facebook.com\/oummacom\/videos\/10156328426076142\/\" class=\"fb-xfbml-parse-ignore\"><p><a href=\"https:\/\/www.facebook.com\/oummacom\/videos\/10156328426076142\/\">Le ney,un des plus anciens  instruments de musique utilis\u00e9 par les musulmans<\/a><\/p>\n<p>Le ney, un des plus anciens  instruments de musique utilis\u00e9s par les musulmans Rencontre avec le musicien James Serre, sp\u00e9cialiste du ney. Cette fl\u00fbte  utilis\u00e9e dans la mystique musulmane et par\u00e9e de vertus : spirituelle et th\u00e9rapeutique.<\/p>\n<p>Publi\u00e9e par <a href=\"https:\/\/www.facebook.com\/oummacom\/\">Oumma.com<\/a> sur Jeudi 12 juillet 2018<\/p><\/blockquote>\n<\/div>\n<\/div>\n<p>&nbsp;<\/p>\n<p class=\"responsive-video-wrap clr\"><iframe width=\"1200\" height=\"675\" src=\"https:\/\/www.youtube.com\/embed\/xEunjU6jEvU?feature=oembed\" frameborder=\"0\" allow=\"accelerometer; autoplay; encrypted-media; gyroscope; picture-in-picture\" allowfullscreen><\/iframe><\/p>\n<p class=\"responsive-video-wrap clr\"><iframe width=\"1200\" height=\"675\" src=\"https:\/\/www.youtube.com\/embed\/videoseries?list=PLGzfbSzdwkPadE1ajXMf_6iK3hpQfOiOw\" frameborder=\"0\" allow=\"accelerometer; autoplay; encrypted-media; gyroscope; picture-in-picture\" allowfullscreen><\/iframe><\/p>\n<p class=\"responsive-video-wrap clr\"><iframe width=\"1200\" height=\"675\" src=\"https:\/\/www.youtube.com\/embed\/HL5k_9sEnsk?feature=oembed\" frameborder=\"0\" allow=\"accelerometer; autoplay; encrypted-media; gyroscope; picture-in-picture\" allowfullscreen><\/iframe><\/p>\n<p class=\"responsive-video-wrap clr\"><iframe width=\"1200\" height=\"675\" src=\"https:\/\/www.youtube.com\/embed\/R09lilZ0I18?feature=oembed\" frameborder=\"0\" allow=\"accelerometer; autoplay; encrypted-media; gyroscope; picture-in-picture\" allowfullscreen><\/iframe><\/p>\n<p class=\"responsive-video-wrap clr\"><iframe width=\"1200\" height=\"675\" src=\"https:\/\/www.youtube.com\/embed\/Ih5qU5BL55A?feature=oembed\" frameborder=\"0\" allow=\"accelerometer; autoplay; encrypted-media; gyroscope; picture-in-picture\" allowfullscreen><\/iframe><\/p>\n<p>Merci \u00e0 Emine Bostanci, talentueuse joueuse de kemen\u00e7e, pour sa participation au sein de l&#8217;Ensemble Lal\u00e9.<\/p>\n<p>Merci \u00e0 Jean-Luc Attia et son \u00e9quipe du JLA studio pour leur disponibilit\u00e9 et leur professionnalisme.<\/p>\n","protected":false},"excerpt":{"rendered":"<p>Interview de James Serre, sp\u00e9cialiste du ney, fl\u00fbte oblique \u00e0 embouchure terminale en roseau jou\u00e9e dans tout le monde arabo-musulman et dont les formes les plus anciennes remontent \u00e0 des temps imm\u00e9moriaux. Il nous pr\u00e9sente ici sous l&#8217;angle spirituel et th\u00e9rapeutique cet instrument \u00e0 haute valeur symbolique dans la musique soufie. &nbsp; Merci \u00e0 Emine [&hellip;]<\/p>\n","protected":false},"author":1,"featured_media":0,"parent":0,"menu_order":0,"comment_status":"closed","ping_status":"closed","template":"","meta":{"_exactmetrics_skip_tracking":false,"_exactmetrics_sitenote_active":false,"_exactmetrics_sitenote_note":"","_exactmetrics_sitenote_category":0,"ocean_post_layout":"","ocean_both_sidebars_style":"","ocean_both_sidebars_content_width":0,"ocean_both_sidebars_sidebars_width":0,"ocean_sidebar":"0","ocean_second_sidebar":"0","ocean_disable_margins":"enable","ocean_add_body_class":"","ocean_shortcode_before_top_bar":"","ocean_shortcode_after_top_bar":"","ocean_shortcode_before_header":"","ocean_shortcode_after_header":"","ocean_has_shortcode":"","ocean_shortcode_after_title":"","ocean_shortcode_before_footer_widgets":"","ocean_shortcode_after_footer_widgets":"","ocean_shortcode_before_footer_bottom":"","ocean_shortcode_after_footer_bottom":"","ocean_display_top_bar":"default","ocean_display_header":"default","ocean_header_style":"","ocean_center_header_left_menu":"0","ocean_custom_header_template":"0","ocean_custom_logo":0,"ocean_custom_retina_logo":0,"ocean_custom_logo_max_width":0,"ocean_custom_logo_tablet_max_width":0,"ocean_custom_logo_mobile_max_width":0,"ocean_custom_logo_max_height":0,"ocean_custom_logo_tablet_max_height":0,"ocean_custom_logo_mobile_max_height":0,"ocean_header_custom_menu":"0","ocean_menu_typo_font_family":"0","ocean_menu_typo_font_subset":"","ocean_menu_typo_font_size":0,"ocean_menu_typo_font_size_tablet":0,"ocean_menu_typo_font_size_mobile":0,"ocean_menu_typo_font_size_unit":"px","ocean_menu_typo_font_weight":"","ocean_menu_typo_font_weight_tablet":"","ocean_menu_typo_font_weight_mobile":"","ocean_menu_typo_transform":"","ocean_menu_typo_transform_tablet":"","ocean_menu_typo_transform_mobile":"","ocean_menu_typo_line_height":0,"ocean_menu_typo_line_height_tablet":0,"ocean_menu_typo_line_height_mobile":0,"ocean_menu_typo_line_height_unit":"","ocean_menu_typo_spacing":0,"ocean_menu_typo_spacing_tablet":0,"ocean_menu_typo_spacing_mobile":0,"ocean_menu_typo_spacing_unit":"","ocean_menu_link_color":"","ocean_menu_link_color_hover":"","ocean_menu_link_color_active":"","ocean_menu_link_background":"","ocean_menu_link_hover_background":"","ocean_menu_link_active_background":"","ocean_menu_social_links_bg":"","ocean_menu_social_hover_links_bg":"","ocean_menu_social_links_color":"","ocean_menu_social_hover_links_color":"","ocean_disable_title":"default","ocean_disable_heading":"default","ocean_post_title":"","ocean_post_subheading":"","ocean_post_title_style":"","ocean_post_title_background_color":"","ocean_post_title_background":0,"ocean_post_title_bg_image_position":"","ocean_post_title_bg_image_attachment":"","ocean_post_title_bg_image_repeat":"","ocean_post_title_bg_image_size":"","ocean_post_title_height":0,"ocean_post_title_bg_overlay":0.5,"ocean_post_title_bg_overlay_color":"","ocean_disable_breadcrumbs":"default","ocean_breadcrumbs_color":"","ocean_breadcrumbs_separator_color":"","ocean_breadcrumbs_links_color":"","ocean_breadcrumbs_links_hover_color":"","ocean_display_footer_widgets":"default","ocean_display_footer_bottom":"default","ocean_custom_footer_template":"0","footnotes":""},"class_list":["post-84","page","type-page","status-publish","hentry","entry"],"_links":{"self":[{"href":"http:\/\/jamesserre.com\/index.php\/wp-json\/wp\/v2\/pages\/84","targetHints":{"allow":["GET"]}}],"collection":[{"href":"http:\/\/jamesserre.com\/index.php\/wp-json\/wp\/v2\/pages"}],"about":[{"href":"http:\/\/jamesserre.com\/index.php\/wp-json\/wp\/v2\/types\/page"}],"author":[{"embeddable":true,"href":"http:\/\/jamesserre.com\/index.php\/wp-json\/wp\/v2\/users\/1"}],"replies":[{"embeddable":true,"href":"http:\/\/jamesserre.com\/index.php\/wp-json\/wp\/v2\/comments?post=84"}],"version-history":[{"count":14,"href":"http:\/\/jamesserre.com\/index.php\/wp-json\/wp\/v2\/pages\/84\/revisions"}],"predecessor-version":[{"id":838,"href":"http:\/\/jamesserre.com\/index.php\/wp-json\/wp\/v2\/pages\/84\/revisions\/838"}],"wp:attachment":[{"href":"http:\/\/jamesserre.com\/index.php\/wp-json\/wp\/v2\/media?parent=84"}],"curies":[{"name":"wp","href":"https:\/\/api.w.org\/{rel}","templated":true}]}}