{"id":100,"date":"2018-01-03T14:31:23","date_gmt":"2018-01-03T13:31:23","guid":{"rendered":"http:\/\/jamesserre.com\/?page_id=100"},"modified":"2018-08-29T11:11:14","modified_gmt":"2018-08-29T09:11:14","slug":"cours","status":"publish","type":"page","link":"http:\/\/jamesserre.com\/index.php\/cours\/","title":{"rendered":"Cours"},"content":{"rendered":"<p>James Serre accompagne ses \u00e9l\u00e8ves dans l&#8217;apprentissage de la musique soufie, la musique savante ottomane et la musique classique arabe, qu&#8217;il a apprises aupr\u00e8s de ma\u00eetres de musique reconnus, principalement \u00e0 Istanbul en Turquie mais aussi en Tunisie, \u00e0 l&#8217;Universit\u00e9 des Arts Codarts de Rotterdam en Hollande, et lors des fameux s\u00e9minaires d&#8217;\u00e9t\u00e9 du Labyrinth Musical Workshop en Cr\u00eate. Il joue en tant que musicien professionnel depuis une vingtaine d&#8217;ann\u00e9es, donne des conf\u00e9rences et aujourd&#8217;hui enseigne \u00e0 Paris.<\/p>\n<p>Son enseignement se transmet de la m\u00eame mani\u00e8re qu&#8217;il l&#8217;a re\u00e7u : sur le mod\u00e8le traditionnel du rapport de ma\u00eetre \u00e0 disciple qui privil\u00e9gie l&#8217;\u00e9coute et les\u00a0\u00ab saveurs\u00a0\u00bb de la musique aux fastidieux apprentissages th\u00e9oriques. L&#8217;apprentissage de l&#8217;instrument devient alors, en plus d&#8217;un plaisir quotidien, la voie vers un v\u00e9ritable cheminement int\u00e9rieur.<\/p>\n<h2>Cours de ney (turc et arabe)<\/h2>\n<p>Le ney (ou nay) est une fl\u00fbte de roseau aux sonorit\u00e9s profondes que l&#8217;on retrouve sous diff\u00e9rentes formes de l&#8217;Afrique du Nord jusqu&#8217;en Asie centrale et \u00e0 laquelle on attribue souvent une forte valeur symbolique, notamment dans la c\u00e9r\u00e9monie soufie Sam\u00e2 des derviches tourneurs Mevlevis.<\/p>\n<p>Les cours de ney, au-del\u00e0 de l&#8217;apprentissage de l&#8217;instrument, permettent \u00e0 l&#8217;\u00e9l\u00e8ve d&#8217;appr\u00e9hender les r\u00e9pertoires musicaux orientaux classiques et sacr\u00e9s, ottomans ou arabes.<\/p>\n<p>Cette discipline de tradition et de transmission orale ne n\u00e9cessite pas pour l\u2019\u00e9l\u00e8ve d\u2019avoir des connaissances th\u00e9oriques musicales. Seront privil\u00e9gi\u00e9s l\u2019\u00e9coute et le go\u00fbt des \u00ab\u00a0saveurs\u00a0\u00bb dans l\u2019esprit du <em>me\u015fk <\/em>pour apprendre cet art tel qu&#8217;il s&#8217;est transmis traditionnellement durant des si\u00e8cles.<\/p>\n<p class=\"responsive-video-wrap clr\"><iframe width=\"1200\" height=\"675\" src=\"https:\/\/www.youtube.com\/embed\/TEoqNeSwMaM?feature=oembed\" frameborder=\"0\" allow=\"autoplay; encrypted-media\" allowfullscreen><\/iframe><\/p>\n<p>D\u00e9roulement des cours :<\/p>\n<ul>\n<li>Apprentissage des m\u00e9thodes et techniques sur le positionnement\u00a0\u00ab corps &#8211; instrument\u00a0\u00bb pour obtenir les diff\u00e9rents sons et timbres de\u00a0 l&#8217;instrument.<\/li>\n<li>\u00a0Apprentissage des modes (makam) et des doigt\u00e9s sur l&#8217;instrument.<\/li>\n<li>\u00a0Analyse et comparaison approfondies des micro-intervalles et de la justesse dans la musique orientale.<\/li>\n<li>\u00a0Transmission et travail sur des pi\u00e8ces du r\u00e9pertoire classique.<\/li>\n<\/ul>\n<p>Dur\u00e9e : 1h15<\/p>\n<p>(Un ney turc de qualit\u00e9 \u00e9tant difficile \u00e0 trouver en France, il est possible pour l\u2019\u00e9l\u00e8ve de passer commande d\u2019un instrument que le professeur fera r\u00e9aliser par un ma\u00eetre facteur de Konya, en Turquie)<\/p>\n<h2>Cours de bendir &amp; rythmes ottomans<\/h2>\n<p>Tout aussi important que l\u2019\u00e9tude des makam dans la musique savante ottomane et la musique soufie, la science des cycles rythmiques (us\u00fbl) repr\u00e9sente un domaine musical \u00e0 part enti\u00e8re.<\/p>\n<p>Dans les grandes compositions de la musique savante ou sacr\u00e9e, le m\u00e8tre lyrique est directement en relation avec les temps de la mesure rythmique. Sans forger cette relation entre la m\u00e9lodie et le us\u00fbl, il est impossible de bien faire ressortir l\u2019esprit et le style d\u2019une pi\u00e8ce savante comme le Beste, l\u2019A\u011f\u0131r semai, le Pe\u015frev, un Ayin, etc.<\/p>\n<p><img fetchpriority=\"high\" decoding=\"async\" class=\"alignnone wp-image-172 size-full\" title=\"James Serre cours de Bendir\" src=\"http:\/\/jamesserre.com\/wp-content\/uploads\/2018\/01\/24910017_10213872587141395_9093019484817051918_n.jpg\" alt=\"\" width=\"720\" height=\"540\" srcset=\"http:\/\/jamesserre.com\/wp-content\/uploads\/2018\/01\/24910017_10213872587141395_9093019484817051918_n.jpg 720w, http:\/\/jamesserre.com\/wp-content\/uploads\/2018\/01\/24910017_10213872587141395_9093019484817051918_n-300x225.jpg 300w\" sizes=\"(max-width: 720px) 100vw, 720px\" \/><br \/>\nD\u00e9roulement des cours :<\/p>\n<p>Traditionnellement, l&#8217;apprentissage des rythmes se fait en les frappant sur les jambes droites et gauches avec les mains avant de les jouer sur l&#8217;instrument : c\u2019est la m\u00e9thode du me\u015fk la plus efficace pour m\u00e9moriser les cycles rythmiques, parfois tr\u00e8s longs, de la musique savante ottomane et soufie.<\/p>\n<p>Dur\u00e9e : 1h15<\/p>\n<p><strong>Renseignements compl\u00e9mentaires et r\u00e9servation : james.serre[@]gmail.com<\/strong><\/p>\n<div id=\"primary\" class=\"content-area clr\">\n<div id=\"content\" class=\"site-content clr\">\n<article class=\"single-page-article clr\">\n<div class=\"entry clr\"><\/div>\n<\/article>\n<\/div>\n<\/div>\n","protected":false},"excerpt":{"rendered":"<p>James Serre accompagne ses \u00e9l\u00e8ves dans l&#8217;apprentissage de la musique soufie, la musique savante ottomane et la musique classique arabe, qu&#8217;il a apprises aupr\u00e8s de ma\u00eetres de musique reconnus, principalement \u00e0 Istanbul en Turquie mais aussi en Tunisie, \u00e0 l&#8217;Universit\u00e9 des Arts Codarts de Rotterdam en Hollande, et lors des fameux s\u00e9minaires d&#8217;\u00e9t\u00e9 du Labyrinth [&hellip;]<\/p>\n","protected":false},"author":1,"featured_media":0,"parent":0,"menu_order":0,"comment_status":"closed","ping_status":"closed","template":"","meta":{"_exactmetrics_skip_tracking":false,"_exactmetrics_sitenote_active":false,"_exactmetrics_sitenote_note":"","_exactmetrics_sitenote_category":0,"ocean_post_layout":"","ocean_both_sidebars_style":"","ocean_both_sidebars_content_width":0,"ocean_both_sidebars_sidebars_width":0,"ocean_sidebar":"0","ocean_second_sidebar":"0","ocean_disable_margins":"enable","ocean_add_body_class":"","ocean_shortcode_before_top_bar":"","ocean_shortcode_after_top_bar":"","ocean_shortcode_before_header":"","ocean_shortcode_after_header":"","ocean_has_shortcode":"","ocean_shortcode_after_title":"","ocean_shortcode_before_footer_widgets":"","ocean_shortcode_after_footer_widgets":"","ocean_shortcode_before_footer_bottom":"","ocean_shortcode_after_footer_bottom":"","ocean_display_top_bar":"default","ocean_display_header":"default","ocean_header_style":"","ocean_center_header_left_menu":"0","ocean_custom_header_template":"0","ocean_custom_logo":0,"ocean_custom_retina_logo":0,"ocean_custom_logo_max_width":0,"ocean_custom_logo_tablet_max_width":0,"ocean_custom_logo_mobile_max_width":0,"ocean_custom_logo_max_height":0,"ocean_custom_logo_tablet_max_height":0,"ocean_custom_logo_mobile_max_height":0,"ocean_header_custom_menu":"0","ocean_menu_typo_font_family":"0","ocean_menu_typo_font_subset":"","ocean_menu_typo_font_size":0,"ocean_menu_typo_font_size_tablet":0,"ocean_menu_typo_font_size_mobile":0,"ocean_menu_typo_font_size_unit":"px","ocean_menu_typo_font_weight":"","ocean_menu_typo_font_weight_tablet":"","ocean_menu_typo_font_weight_mobile":"","ocean_menu_typo_transform":"","ocean_menu_typo_transform_tablet":"","ocean_menu_typo_transform_mobile":"","ocean_menu_typo_line_height":0,"ocean_menu_typo_line_height_tablet":0,"ocean_menu_typo_line_height_mobile":0,"ocean_menu_typo_line_height_unit":"","ocean_menu_typo_spacing":0,"ocean_menu_typo_spacing_tablet":0,"ocean_menu_typo_spacing_mobile":0,"ocean_menu_typo_spacing_unit":"","ocean_menu_link_color":"","ocean_menu_link_color_hover":"","ocean_menu_link_color_active":"","ocean_menu_link_background":"","ocean_menu_link_hover_background":"","ocean_menu_link_active_background":"","ocean_menu_social_links_bg":"","ocean_menu_social_hover_links_bg":"","ocean_menu_social_links_color":"","ocean_menu_social_hover_links_color":"","ocean_disable_title":"default","ocean_disable_heading":"default","ocean_post_title":"","ocean_post_subheading":"","ocean_post_title_style":"","ocean_post_title_background_color":"","ocean_post_title_background":0,"ocean_post_title_bg_image_position":"","ocean_post_title_bg_image_attachment":"","ocean_post_title_bg_image_repeat":"","ocean_post_title_bg_image_size":"","ocean_post_title_height":0,"ocean_post_title_bg_overlay":0.5,"ocean_post_title_bg_overlay_color":"","ocean_disable_breadcrumbs":"default","ocean_breadcrumbs_color":"","ocean_breadcrumbs_separator_color":"","ocean_breadcrumbs_links_color":"","ocean_breadcrumbs_links_hover_color":"","ocean_display_footer_widgets":"default","ocean_display_footer_bottom":"default","ocean_custom_footer_template":"0","footnotes":""},"class_list":["post-100","page","type-page","status-publish","hentry","entry"],"_links":{"self":[{"href":"http:\/\/jamesserre.com\/index.php\/wp-json\/wp\/v2\/pages\/100","targetHints":{"allow":["GET"]}}],"collection":[{"href":"http:\/\/jamesserre.com\/index.php\/wp-json\/wp\/v2\/pages"}],"about":[{"href":"http:\/\/jamesserre.com\/index.php\/wp-json\/wp\/v2\/types\/page"}],"author":[{"embeddable":true,"href":"http:\/\/jamesserre.com\/index.php\/wp-json\/wp\/v2\/users\/1"}],"replies":[{"embeddable":true,"href":"http:\/\/jamesserre.com\/index.php\/wp-json\/wp\/v2\/comments?post=100"}],"version-history":[{"count":17,"href":"http:\/\/jamesserre.com\/index.php\/wp-json\/wp\/v2\/pages\/100\/revisions"}],"predecessor-version":[{"id":796,"href":"http:\/\/jamesserre.com\/index.php\/wp-json\/wp\/v2\/pages\/100\/revisions\/796"}],"wp:attachment":[{"href":"http:\/\/jamesserre.com\/index.php\/wp-json\/wp\/v2\/media?parent=100"}],"curies":[{"name":"wp","href":"https:\/\/api.w.org\/{rel}","templated":true}]}}